ose -15*i + 510 + 150 = 0. Calculate the remainder when i is divided by b(1).
12
Suppose -4*f = -2*q - 1149 - 471, 0 = 3*f + 4*q - 1226. Suppose -4*j = 6*r - 7*r - f, 5*j + 4*r = 497. Calculate the remainder when j is divided by 6.
5
Let x(s) = 97*s + 2386. Calculate the remainder when 167 is divided by x(-24).
51
Suppose 3*b = 21, 5*y = -19*b + 15*b + 2788. What is the remainder when y is divided by 168?
48
Let c = 13604 + -12968. What is the remainder when c is divided by 42?
6
Let o(n) = -11*n - 29. Suppose -2*f + 0 = 30. Let c = 27 - f. Calculate the remainder when c is divided by o(-4).
12
Let a(c) = -2*c**2 + c + 19. Let j be a(3). What is the remainder when (5 - 36/8) + 486/j is divided by 4?
2
Suppose 2*s - 13*u = -11*u + 8, u = -3*s + 12. Suppose -5*w = -2*y + s*y - 225, 134 = 3*w + y. Calculate the remainder when 125 is divided by w.
39
Suppose 4*f = -o + 1805, -962 = -9*f + 7*f + 8*o. What is the remainder when f is divided by 74?
9
Suppose 930*x - 869*x = 5429. Calculate the remainder when 2218 is divided by x.
82
What is the remainder when 6*(-3047)/(-66) - 6 is divided by 139?
132
Let t = -1998 - -2145. What is the remainder when t is divided by 15?
12
Suppose 3 = -7*j + 311. Suppose 4*s + 4*a - 60 = j, -5*s - a = -138. What is the remainder when 52 is divided by s?
24
Let k = 12362 + -12167. Calculate the remainder when k is divided by 91.
13
Let a(g) = -g**3 + 3*g**2 - 4. Let j be a(-3). Suppose 0 = 301*m - 304*m + 6, 3*f - 4*m = -77. Let w = j + f. Calculate the remainder when w is divided by 15.
12
Let d(r) = -r**3 + 24*r**2 - r + 62. Let k = -20 + 44. What is the remainder when 126 is divided by d(k)?
12
Suppose 0 = 6*m + 146 - 176. Suppose -2*k + 104 = 22*q - 18*q, 2*q + m*k - 60 = 0. Calculate the remainder when (97/(-2 + 1))/(-1) is divided by q.
22
Let w(m) = -4*m + 25*m + 10 + 24 + 36 - 18. What is the remainder when 278 is divided by w(-1)?
30
Let a be (-1584)/(-15) + 12/30. Let r = -104 + a. Suppose 4*j - 58 = 3*w + 15, -120 = -5*j - r*w. What is the remainder when 82 is divided by j?
16
Suppose 5*s + 8*h - 3*h - 745 = 0, -3*s + 5*h + 479 = 0. Let a = s - 105. What is the remainder when a is divided by 13?
9
Let k(r) = r**2 - 14*r - 1. Let f(i) = -3*i**2 + 41*i + 4. Let w(g) = -4*f(g) - 11*k(g). What is the remainder when w(-13) is divided by 74?
72
Suppose 3*u + 112 = 2*g - 1245, -2*g - u = -1377. What is the remainder when g is divided by 169?
10
Suppose 2*w = 183 + 251. Suppose 21*b = w + 224. Suppose 0 = -0*t + t - 11. What is the remainder when b is divided by t?
10
Suppose 83 = 5*f + 2*a, 5*f - 20 - 43 = 3*a. Calculate the remainder when 3/f + 1407/15 is divided by (-2)/(-5) + 474/15.
30
Let a = -5 - -9. Suppose -70 = -4*i + 42. What is the remainder when 7/i*(46 - 2) is divided by a?
3
Suppose -14*u + 84 = -8*u. Let q be (-4)/12 - (-1)/3. Suppose -5*d - 4*p + 46 = 0, 3*d - 4*p - 2 = -q*p. Calculate the remainder when u is divided by d.
2
Let c = -25 - -40. Suppose 4*j - 200 = -8*x, -4*x + 108 = -8*j + 6*j. What is the remainder when x is divided by c?
11
Suppose -19*k + 20*k = 5*b + 298, 3*b = 5*k - 1358. Calculate the remainder when 546 is divided by k.
10
Suppose 17*l + 69 - 4437 = -9*l. Calculate the remainder when 4533 is divided by l.
165
Let d = -9409 + 20287. What is the remainder when d is divided by 191?
182
Suppose 3*k - h = 26 + 147, -209 = -4*k - 3*h. Let p = k + -49. Suppose -p*f + 259 = -0*f. What is the remainder when 72 is divided by f?
35
What is the remainder when 28724 is divided by (16 - -9)/((-18)/(-18))?
24
Suppose 0 = -6*j - 51 - 3. Let f(v) = -15*v - 2. Let b be f(j). Suppose 11*x + b = 452. Calculate the remainder when x is divided by 6.
5
Let n = 239 - 151. Suppose 11*k - 66 - n = 0. Calculate the remainder when 32 is divided by k.
4
Let l = 19 - 10. Suppose -29*o + i + 105 = -25*o, -4*o + 75 = 5*i. What is the remainder when o is divided by l?
7
Let a(l) be the first derivative of 11*l**3/3 - 5*l**2/2 + 5*l - 1156. Let p = 1 + 1. Calculate the remainder when 74 is divided by a(p).
35
Suppose 29944 = 9*n + 26*n - 16*n. Calculate the remainder when n is divided by 261.
10
Let u = 33 + -4. Let k = -110094 + 110215. Calculate the remainder when k is divided by u.
5
Let s(l) = -l**3 - 7*l**2 + 2*l + 16. Let a be s(-7). Suppose -o - 2*d = -14, 2*o + 7*d + a = 9*d. Calculate the remainder when 12 is divided by o.
0
Suppose 935 = -4*c - 5*d, -262 = 2*c + d + 207. Let l = 378 + c. Calculate the remainder when l is divided by 36.
35
Let b(c) = 4*c**2 + 33*c + 14. Calculate the remainder when 360 is divided by b(-9).
32
Suppose -72*x + 30*x + 2352 = 0. What is the remainder when 258 is divided by x?
34
Let v(n) be the second derivative of -5*n**4/3 + n**3/2 + 3*n**2/2 - 45*n. Let f be v(-1). Let o = 67 + f. What is the remainder when 186 is divided by o?
45
Suppose -84 = y + 861. Calculate the remainder when 418 is divided by y/(-90) - (-2)/(-4).
8
Suppose -5*g - 23951 = -3*n, -2*n + 10*g - 5*g + 15959 = 0. Suppose 24*u = -1992 + n. What is the remainder when u is divided by 36?
34
Suppose -4*v = 3*i - 2481, -2*v + 792 = 4*i - 446. Calculate the remainder when v is divided by 106.
91
Let w(d) = d + 29. Let z be (-98)/(-4)*180/105. Let p be (4/(-6))/((-4)/z). Calculate the remainder when w(p) is divided by 13.
10
Let h = -26 - -65. Let l(t) = t**3 + 5*t**2 + 3*t - 4. Let x be l(-4). Suppose p - 10 = -x*p. What is the remainder when h is divided by p?
9
Suppose 9 = 3*d, 0*h + h + 3*d = 66. Let o(k) = 5*k - 22. Let c be o(4). What is the remainder when h is divided by 0 - 4 - (-29 - (-7 - c))?
17
Suppose -20 = -2*x - 16. What is the remainder when (7 - (-79 - -4)) + 0/x is divided by 21?
19
Let o be (-314)/6 - 10/15. Let f = -10 - o. What is the remainder when f is divided by (-2)/(-2) - 3 - 121/(-11)?
7
Let b = 179 - 168. Suppose -200 = -9*o - b. What is the remainder when 101 is divided by o?
17
Let z be 75 - 6 - (3 - (-5)/(-1)). Suppose -16*v = -25 - z. Suppose v*u = 5*u + 2, 4*u = -4*q + 64. Calculate the remainder when 68 is divided by q.
12
Let h = -10 + 20. Suppose 5384 = 2*j + 3*m + 5283, 2*j - 2*m = 56. Calculate the remainder when j is divided by h.
7
Let y = 2 - 0. Let x(p) = -134*p + 4698. What is the remainder when 318/9*3/y is divided by x(35)?
5
Let d = 2557 + -2452. Calculate the remainder when 198 is divided by d.
93
Suppose 49*k - 44*k = 0. Suppose k = 5*n - 372 + 142. Calculate the remainder when n is divided by 16.
14
Calculate the remainder when 63 is divided by 10*((-9)/((-405)/(-63)) - 1*-5).
27
Suppose 0 = 3*t - 7*t + 296. Let w = 422 - 402. What is the remainder when t is divided by w?
14
Let h(i) = -i - 4. Let k be h(-4). Let c(q) = q**2 - q + 17. What is the remainder when c(k) is divided by 24/44 - 441/(-99)?
2
Calculate the remainder when (-1 + (12 - 3))*231/6 is divided by 73.
16
Suppose -553*o - 3134 = -571*o + 916. Calculate the remainder when o is divided by 7.
1
Let b(n) = -n. Let x be b(-5). Let d be 6*(-1 - x/(-10)). Let s = d + 17. What is the remainder when 51 is divided by s?
9
Let a(o) = -2*o**2 - 10*o + 223. Suppose 3*f - 123 = -3. Calculate the remainder when f is divided by a(8).
10
Let j(w) = -3*w - 10. Let p be j(-4). Suppose -p*x + 16*x = 42. Let l = x + 1. Calculate the remainder when 37 is divided by l.
1
Let j = 25715 + -24394. Calculate the remainder when j is divided by 71.
43
Let c(v) = 15*v**2 - 404*v - 1200. What is the remainder when 15727 is divided by c(-3)?
145
Suppose -3*h = -12, -2*d - h + 3*h + 3468 = 0. Suppose -d = -14*v + 390. What is the remainder when v is divided by 31?
28
Suppose 0 = 7*a - 14*a + 315. Suppose 5*o = 75 - a. What is the remainder when 48 is divided by o?
0
Let y(s) = 2*s**2 + 2*s + 10. Let x(k) = -k + 1. Let h be x(1). Let b = 0 + h. Calculate the remainder when y(b) is divided by 6.
4
Suppose 49932 = 16*x + 155*x. Calculate the remainder when x is divided by 105.
82
Suppose -4*y - 2*n + 122 = 0, 155 = 2*y + 3*y + 5*n. Let l = 11 + -7. Suppose l*b = -b + y. What is the remainder when 12 is divided by b?
0
Suppose -3*w = q - 20, -730*w + 729*w = q - 8. Suppose 2*x - 64 = 6. What is the remainder when x is divided by w?
5
Suppose 5*g + 5*w = 130, -46 = -2*g - 3*w + 4*w. Suppose 0 = 6*p - g - 6. Suppose -52 = -p*a 